t m = 28 - 52. Let p = m - -26. Suppose 0 = -p*w - 2*v, -4*v = -4*w + 2*w + 12. Let g(u) = -u**3 + 3*u**2 - 3*u. Determine g(w).
-2
Let b(x) be the first derivative of -x**5/40 - 5*x**4/12 + 8*x**3 + 27. Let v(u) be the third derivative of b(u). What is v(-9)?
17
Let w(f) = f**2 - 10*f - 9. Suppose 4*x - 8*x = -p - 30, 2*x - p - 16 = 0. Give w(x).
-30
Let z be (38/8)/((-5)/40). Let u = 40 + z. Let s(n) = -2*n + 1. Calculate s(u).
-3
Let x(b) = -b**3 - 7*b**2 - 5*b - 2. Let n = 220 - 226. Determine x(n).
-8
Let s(c) = -c**3 - c + 1. Let t(n) = 2*n**3 + 2*n - 2. Let v(z) = -5*s(z) - 2*t(z). Let u(g) be the first derivative of v(g). Calculate u(-1).
4
Suppose 0 = 13*q - 6*q. Suppose c - h = -3*c, -3*c - 2*h = q. Let k(d) = -d**3 + d + 2. Give k(c).
2
Let y(a) = 11*a - 4. Let q(j) = 660*j - 242. Let i(l) = 2*q(l) - 121*y(l). What is i(-2)?
22
Suppose 2*o - 15 = -51. Let b be (1/3)/((-2)/o). Let h(i) = b + 0*i - 4 + i + 10. Give h(-5).
4
Let k(r) = -r**2 + 5*r - 5. Let g be -4 + 20*(0 - 1). Let h = g - -28. Determine k(h).
-1
Let f = -19 + 22. Suppose 13 = f*j + 4. Let q(s) = -2 - 5*s + 0 - 5*s**2 - 5 + 4 - s**j. What is q(-4)?
1
Let y(r) be the first derivative of r**4/4 + 2*r**3/3 - 2*r**2 - 16. Suppose 4*n = -8 - 8. Give y(n).
-16
Suppose -4*c - 8 = -6*b + 4*b, b = -4. Let q(w) = -w**3 - 4*w**2 - 2*w - 3. Let u be q(c). Let i(o) = -o**3 + 6*o**2 - 7*o + 3. Calculate i(u).
-7
Let t(a) = 791*a**2 - 26 - 788*a**2 + 25 + 14*a. Determine t(-7).
48
Let t(w) = 2*w - 6. Let b = 78 - 73. Calculate t(b).
4
Let y(v) = 3*v**3 - 33*v**2 + 10*v + 22. Let j(o) = 2*o**3 - 22*o**2 + 6*o + 15. Let u(q) = 7*j(q) - 5*y(q). Calculate u(10).
15
Let m(k) = -k + 10. Let n be m(8). Suppose 0 = 3*l + 2*l - 5*b - 15, -14 = -n*l - 2*b. Let j be (l/15)/((-1)/(-9)). Let w(p) = p - 1. Give w(j).
2
Let a(c) = 3*c + 6. Let z(p) = 2*p + 3. Suppose 4*w + 7 = l - 11, 2*l - 3*w = 21. Let n(g) = l*a(g) - 11*z(g). Calculate n(-3).
15
Let l be 16/24*27/2. Let g(b) = b**3 - 9*b**2 - b + 6. Let c be g(l). Let t(p) = 2*p**2 + 5*p + 4. Calculate t(c).
7
Let o(a) = -9*a**2 - a - 1. Let r(g) = g**2 + 4*g - 1. Let n be r(0). Calculate o(n).
-9
Let k(u) = -3*u**2 - 3*u. Let q be k(-2). Let j = 26 - 24. Let m(t) = 5*t**2 - 8*t**2 + 9*t**2 - j*t + t**3 + 3*t. Give m(q).
-6
Let q(h) be the second derivative of h**5/20 - h**4/12 - h**3 + 7*h**2/2 + h + 5. What is q(3)?
7
Let l(p) = 5*p**2 + 4*p + 15. Let y(b) = -2*b**2 - 2*b - 7. Let t(s) = 3*l(s) + 7*y(s). Let o(w) = 14*w**2 - 208*w - 30. Let c be o(15). Calculate t(c).
-4
Let f(r) = r + 3. Let n(j) = j**3 + 7*j**2 - j - 6. Let o be n(-7). Let h be (-27)/(-3)*1/o. Let u be 1/(-1) + -5 + h. What is f(u)?
6
Let t be 450/40 + (-1)/4. Suppose -t - 1 = -12*a. Let z(c) = 4*c. Determine z(a).
4
Let y(f) = -f + 28. Let v be y(0). Let q(g) = -28*g + v*g + 1 + 15*g**2. Suppose -3*u + 2*u + 21 = 4*i, -3*u + 23 = 4*i. Calculate q(u).
16
Let r(v) = v**3 - 7*v**2 + 5*v + 3. Let j(a) = -16*a - 59. Let s be j(-4). What is r(s)?
-22
Let q(i) be the third derivative of i**8/20160 + i**7/560 + i**6/720 + 3*i**5/10 - 15*i**2. Let a(s) be the third derivative of q(s). Calculate a(-7).
-13
Let o = -6 - -14. Let x(j) = -9*j**2 - 8*j - 8. Let q(n) = 13 + 9 + 5*n - 17 + 6*n**2. Let d(u) = o*q(u) + 5*x(u). Determine d(1).
3
Let s(b) = b**3 + 5*b**2 - 26*b + 3. Let h(n) = 3*n - 1. Let o(f) = -6*h(f) - s(f). Calculate o(-6).
-9
Let s(h) be the third derivative of h**6/120 - h**5/30 + h**4/24 - h**3/6 - 2*h**2 - 2. What is s(-2)?
-19
Let q(z) = z**2 - 11*z + 24. Let f be q(7). Let l(j) be the first derivative of -j**4/4 - j**3 + 3*j**2/2 - 5. Give l(f).
4
Suppose 4 - 13 = 3*d, -2*d - 10 = -2*u. Let p(a) = 3 + u*a - 3 - 2. What is p(3)?
4
Let i(v) = v**2 + v - 1. Let x(h) = -4*h**3 + 2*h**2 + 2*h + 8. Let j(k) = 11*k**3 - 6*k**2 - 5*k - 25. Let u(a) = 3*j(a) + 8*x(a). Let y be u(3). Give i(y).
1
Let c(d) be the third derivative of -d**6/120 - d**5/30 - d**4/24 - d**3/2 - 117*d**2 - 2. What is c(0)?
-3
Let k(g) be the second derivative of -5*g**3/6 + 7*g**2 + 160*g. Calculate k(6).
-16
Let c be (-1)/2*(-7)/((-42)/228). Let w(n) = n**3 + 17*n**2 - 39*n - 13. Calculate w(c).
6
Let d = -489 - -486. Let u(h) be the second derivative of h**5/120 - h**4/6 + h**3/3 + h. Let i(z) be the second derivative of u(z). Determine i(d).
-7
Let n(g) = 2*g. Let q(r) be the first derivative of r + 0*r**2 - 4 - 4/3*r**3. Let c be q(1). Calculate n(c).
-6
Let f(z) = -z**3 - z**2 + z. Let y(q) = -4*q**3 + 3*q**2 + q + 4. Let v(a) = -3*f(a) + y(a). Give v(5).
19
Let j(d) = -80*d - 82*d - 4 - 85*d + 251*d. Give j(2).
4
Let p(c) = c**3 - 12*c**2 + 22*c - 13. Let y be 84/9 - 14/(-21). Give p(y).
7
Let n be (-5)/(240/8)*-3*2. Let k(w) = -14*w + 9. What is k(n)?
-5
Let t = -564 + 569. Let g(c) = 11*c - 6. Calculate g(t).
49
Let h(t) = -4*t**2 - 3*t + 9*t**2 + 5*t**3 - 6 - 4*t**3. Suppose -18*g + 0*g = 90. What is h(g)?
9
Let o(f) = 4*f**2 + 3*f - 4. Let v be 30/(-50) + ((-28)/20 - 1). Give o(v).
23
Let d(r) = -r**3 - 20*r**2 - 36*r + 4. Let i be d(-18). Let z(c) = i + c - 1 + 5 - 9. Calculate z(6).
5
Let n(k) be the third derivative of -k**6/120 + k**5/6 + k**4/24 - 7*k**3/6 + 36*k**2 - k. Calculate n(10).
3
Let m(p) = -5*p + 17. Let o(t) = t + 2. Let j(y) = -m(y) + 5*o(y). Give j(3).
23
Suppose 2*k = -i + 13 + 3, 3*i = 0. Suppose -k - 10 = 9*n. Let l(w) = -6*w - 1. Give l(n).
11
Let n(o) = 6*o**2 + 4*o - 11. Let j(q) = q**2 - 1. Let z(p) = 5*j(p) - n(p). Suppose -5*m - 20 = -s, -2*s + 6*m = 3*m - 5. Give z(s).
1
Suppose j - n - 11 + 7 = 0, -4*j + 11 = -3*n. Let d(i) = -62*i**2 - i. What is d(j)?
-61
Let w(d) = -d**2 + 1 - d**3 + 2 - 2 + 5*d + 2. Give w(-3).
6
Let o(n) = 2*n**2 - 2*n**2 + 6 + n + n**2. Let k = 152 + -152. Calculate o(k).
6
Let j(f) = f**3 + 12*f**2 - 22*f - 104. Let k be j(-13). Let q(n) = -n**2 + 13*n - 6. What is q(k)?
-6
Suppose -n = 3*z - 13, -z - 1 = 1571*n - 1576*n. Let w(v) = 5*v**2 + 0*v - v - v - v**3. Calculate w(z).
8
Let v be (0 - -3)*1*30/(-90). Let m(i) = 5*i + 0 + 4 - 4 + 1. What is m(v)?
-4
Let y = 3 + 1. Suppose y*g + 5 = -g. Let b(z) = 22 + 2 - 14*z - 13 - 12. Determine b(g).
13
Suppose 2*t = 5*t - 15, -2*c = -4*t + 18. Let b(v) = -v - v - c + 1 + 2. Calculate b(2).
-2
Let x(d) be the third derivative of d**4/24 + 4*d**3 + 7*d**2. Suppose a + 4 = -0*v - 2*v, 4*a + 16 = 5*v. What is x(v)?
24
Let q = -747 - -750. Let b = 38 + -16. Let f be (-4)/q*(-99)/b. Let x(z) = -z**2 + 6*z + 7. Determine x(f).
7
Let y(s) be the first derivative of 2*s**3/3 - 2*s**2 + 7*s + 32. Determine y(3).
13
Let x(l) = l - 7. Let a = -41 - -75. Let f = 41 - a. Determine x(f).
0
Let j(h) = -5*h**2 - 3. Let f(b) = 11*b**2 - b + 7. Let y(m) = -3*f(m) - 6*j(m). Calculate y(1).
-3
Let n(j) = 3*j + 1. Let i(q) = q + 1. Let k(p) = 2*i(p) - n(p). Let h = -163 - -160. Give k(h).
4
Let y(p) = -p**2 - 2*p - 1. Suppose -12*q = -4*q + 16. Determine y(q).
-1
Let u = -217 - -223. Let b(o) = -o**3 + 6*o**2 + 3*o - 9. Determine b(u).
9
Let z(b) be the second derivative of b**4/24 - b**3/2 + 13*b**2 - 48*b. Let c(t) be the first derivative of z(t). What is c(4)?
1
Let y(q) = 4*q - 6. Suppose -4*m = -9*m - 2*b + 20, -3*b = -4*m + 16. Calculate y(m).
10
Let q(y) be the second derivative of -4*y**3/3 + 2*y**2 - 139*y. Determine q(-2).
20
Let s(j) = -8*j**3 - 16*j**2 + 16*j - 17. Let b = -2 + 13. Let p(o) = -3*o**3 - 5*o**2 + 5*o - 6. Let x(n) = b*p(n) - 4*s(n). Calculate x(8).
-6
Let n(k) = 2*k**2 + 4*k + 6. Let o(f) = -3*f**2 - f - 6. Let x(b) = -4*n(b) - 3*o(b). Calculate x(11).
-28
Suppose -o - 79 = -4*n, 0 = -5*n - o - 0*o + 101. Suppose -n = f + 5*t, -2 + 10 = -2*t. Let g(l) = -3 + 1 + l**3 + 4*l + f*l**3 + 5*l**2. What is g(-4)?
-2
Suppose -3*c + 4*m = -33, 3*c + 3 = -4*m + 12. Let w = c + -3. Let d(f) = 0*f + 6*f**2 + 3*f**3 - 4*f**3 + w + f. Calculate d(6).
10
Let n(p) = -p**3 + 4*p**2 - p - 2. Suppose 5*z + u = -21, 4*u + 24 = -4*z + 4. Let a be (-60)/(-25) - z/(-10). Suppose 0 + 6 = a*m. What is n(m)?
4
Let k(h) = -7*h**2 + 6*h - 2. Let g(l) = -4*l**2 - 4*l - 5. Let n be g(-1). Let t(u) = 4*u**2 - 3*u + 1. Let y(w) = n*t(w) - 3*k(w). Determine y(1).
-1
Let j(s) = -7*s - 59*s**2 - 58*s**2 + s**3 + 125*s**2 - s. Calculate j(-9).
-9
Let p(d) be the third derivative of -d**6/120 - d**5/10 + d**3/2 - d**2.